-9 - -64. Calculate the highest common factor of q and y.
5
Let m be (5 + -2)/((-6)/(-44)). Let g = 81 + -48. Let c be (g/2)/((-1)/(-4)*3). Calculate the greatest common factor of c and m.
22
Let w be 1/((-2)/12 + 10/(-120)). Let r be -1 - w - (-5 - 6). Calculate the highest common divisor of r and 7.
7
Let q(d) = 3*d - 10. Let i be q(8). Suppose -i*j - 252 = -16*j. What is the greatest common divisor of 18 and j?
18
Let j = -16 + 26. Let s = j + -5. What is the highest common factor of s and 2?
1
Suppose -5*t + 9*h = 10*h - 74, -5*h - 5 = 0. What is the highest common factor of 65 and t?
5
Let g(t) = -t - 5. Let n be g(-7). Let x(z) = -1 + z - n + 0*z. Let r be x(5). Calculate the highest common divisor of r and 1.
1
Suppose -5*o + 2*o = -9. Suppose 5*n = c - 106 - 18, -4*c = 3*n - 404. Let z = c - 101. Calculate the highest common divisor of o and z.
3
Let s(h) = 35*h - 53. Let w be s(10). What is the greatest common divisor of w and 66?
33
Suppose 0 = r + r - 20. Let v be 112/6 - 12/(-9). What is the greatest common factor of r and v?
10
Let o be 20*(-32)/(-12)*18/12. Calculate the highest common divisor of o and 720.
80
Let u = -28 + 48. Suppose -l + u + 6 = 0. Calculate the highest common divisor of l and 286.
26
Let m = -1065 + 1120. What is the highest common divisor of 715 and m?
55
Let w(x) = -x + 1. Let u be w(-1). Suppose -s = u*s. Suppose -n + 0*n + 33 = s. What is the highest common factor of n and 11?
11
Let y(c) = -c**2 - 11*c + 42. Let h be y(0). Let s be (h/(-8))/((-3)/36) - -2. What is the greatest common divisor of 52 and s?
13
Let t(b) = -2*b + 25. Let n be t(-30). Calculate the greatest common divisor of 68 and n.
17
Let c = 144 - 130. Suppose 58 = 8*z - c. What is the greatest common factor of z and 171?
9
Let t be 1*(300/(-4))/(-5). Let j be (-4)/(-3) - (-2)/3. Suppose -j*d = -4 - 6. Calculate the greatest common factor of d and t.
5
Let r(v) = -32*v - 6. Suppose -31 = 5*s + 2*d + 2*d, -3*d - 24 = 4*s. Let n be r(s). What is the highest common factor of 18 and n?
18
Suppose -3*k = 4*h + 35, 0 = -5*h - 3*k - 23 - 17. Let p(y) = -10*y + 34. Let j be p(h). What is the greatest common factor of 126 and j?
42
Suppose -372 = -11*t - 75. Calculate the highest common factor of t and 657.
9
Let m(k) = -k**3 + 4*k**2 + 3*k - 5. Let g be m(4). Let z(d) = 9 - g - 3*d - 3. Let x be z(-11). Calculate the highest common factor of x and 16.
16
Suppose 3*b = -f - 1, -14 = -5*f - b + 5*b. Calculate the highest common factor of f and 38.
2
Let n(w) = -w**2 + 3*w + 4. Let y be n(4). Suppose 5*a - 4*g - 56 = y, -5*a - g + 19 + 17 = 0. Calculate the greatest common factor of a and 8.
8
Suppose -156 = -d - 2*d. Suppose 8*y + f = 4*y + 49, -4*y = 4*f - d. What is the greatest common divisor of 4 and y?
4
Let t = -13 + 50. Let j be ((-3128)/(-12) - 1) + 6/(-9). What is the greatest common factor of j and t?
37
Suppose -95 = -2*d + 3*p, -4*p = -d + 4*d - 168. Let g(l) = 18*l + 6. Let o be g(4). Calculate the greatest common factor of o and d.
26
Suppose 51*w - 73*w = -14652. What is the greatest common factor of w and 54?
18
Suppose -3*w + 8*f + 94 = 9*f, -w - 3*f = -18. Calculate the greatest common divisor of w and 11.
11
Let a be ((-21)/(-14))/(2/4). Suppose -2*g + a + 13 = 0. Calculate the greatest common divisor of 8 and g.
8
Let r = 2 - 40. Let q = r + 50. Calculate the greatest common divisor of q and 4.
4
Let s(o) = -o**3 - 9*o**2 + o + 17. Let d be s(-9). Let z = -11 + 21. Let q be (z/2)/((-1)/(-4)). What is the highest common factor of q and d?
4
Suppose -2*f - 3*y = -7*y - 304, -132 = -f - 3*y. What is the highest common factor of 27 and f?
9
Suppose -3*n - 9 = 0, -21*w - 116 = -26*w + 2*n. Let i = -267 - -421. What is the greatest common factor of i and w?
22
Suppose -d + 5*h = -17, -2*d - 4*d - 3*h + 69 = 0. Calculate the greatest common factor of d and 32.
4
Let v(t) be the second derivative of -t**3/6 + 4*t**2 + 5*t. Let s be v(5). Suppose s + 0 = p. Calculate the greatest common divisor of 3 and p.
3
Let w(t) = -t**3 + 6*t**2 + 5*t + 4. Let z be w(4). Calculate the highest common factor of 1064 and z.
56
Let p be 17*(-11 - (-20 - 0)). What is the highest common divisor of 119 and p?
17
Let m(a) be the first derivative of a**4/4 - 13*a**3/3 - 11*a**2/2 - 19*a + 7. Let o be m(14). Calculate the greatest common factor of o and 115.
23
Let y = -2400 + 2576. What is the highest common divisor of 40 and y?
8
Let k(f) = -f**3 - 8*f**2 - 20*f - 40. Let g be k(-6). What is the greatest common divisor of 472 and g?
8
Let z(i) = i + 21. Let m be z(-13). Let r = m + -12. Let b = 10 + r. Calculate the highest common divisor of 2 and b.
2
Suppose -180 = -v + 172. What is the highest common factor of 32 and v?
32
Suppose -2*p = -43 - 17. Let k be 1945/p + 2/12. What is the highest common factor of 13 and k?
13
Suppose -2*p + 3*c + 36 = -2*c, -2*c + 64 = 2*p. Suppose 5*h = 73*h - 4760. What is the highest common divisor of h and p?
14
Let x(n) = -n - 8. Let s be x(-32). Let y = 95 + -63. What is the greatest common divisor of y and s?
8
Let k = 28 - 1. Suppose 0 = -2*g - 2*r + 2, g - 2*g + 3*r = -9. Calculate the highest common factor of g and k.
3
Let r be (-10)/(-2)*((-33)/(-15) - 2). Calculate the greatest common divisor of r and 8.
1
Let o be -7 - (-26 - (7 + -4)). Calculate the highest common factor of o and 209.
11
Let m be 2/(72/188) - (-2)/(-9). Suppose 60 = m*q - 2*q. Let g be 9 + 0 - (-1 - -2). What is the greatest common divisor of g and q?
4
Suppose -y - 31 = -5*t, -t - 1 = y + 4*t. Let l = 4 - y. Suppose 5*v = l - 0. What is the highest common factor of v and 32?
4
Suppose -19*c + 3055 + 3177 = 0. Calculate the greatest common factor of c and 246.
82
Suppose 2*y + 6*q - 2094 = 0, 3159 = 3*y + 16*q - 13*q. What is the highest common divisor of y and 12?
12
Suppose -20*t + 3130 = -1810. Calculate the greatest common factor of t and 19.
19
Let j be (-2)/1 - (-18)/1. Let c(m) = -10*m - 2. Let r be c(5). Let y = r - -76. What is the highest common divisor of j and y?
8
Suppose 79*q - 4*l + 352 = 83*q, -5*q + 3*l + 432 = 0. Let n be 118/(0 - -2) + -1. What is the greatest common factor of q and n?
29
Let t = -186 - -222. What is the greatest common factor of 264 and t?
12
Let m = -17 + 14. Let b be 14/7 - (1 + m). Suppose 3 = -g + b. What is the greatest common factor of 7 and g?
1
Let j = -59 - -203. Let g be (-2)/(-3)*(-6)/4. Let w be ((-144)/32)/(g/4). What is the highest common factor of j and w?
18
Suppose 0 = 2*s + 9 + 9. Let m be 2 - s - (-2 + 3). What is the highest common factor of 40 and m?
10
Let r(a) = -33*a - 2. Let m be r(-2). Suppose -5*v + 85 = 5*d, 4*v + 2*d - m = -d. Suppose 5*u - 494 = 26. Calculate the greatest common divisor of v and u.
13
Let l be ((-18)/(-45))/(1/620). Suppose 0 = -m + 4*p + l, 4*m + m + 5*p - 1140 = 0. What is the greatest common factor of 29 and m?
29
Let y = -136 - -181. Calculate the greatest common divisor of y and 5.
5
Let s = 98 - 59. Suppose -5 = -5*i + 4*i - 5*y, 4*i = -y + s. Calculate the highest common factor of 120 and i.
10
Suppose k = 3*i + 2*i - 125, -5*k + 47 = 3*i. Let q be 7 + (-1)/(2 - 1). What is the greatest common factor of i and q?
6
Let b be 8 + (3 + -3)/(-1). Let x be 1*72/(b/4). Suppose -x = -2*u + 24. What is the highest common factor of 75 and u?
15
Let r(b) be the third derivative of -b**5/60 - b**4/4 - 2*b**3/3 + 15*b**2. Let f be r(-3). Calculate the highest common factor of 5 and f.
5
Let o be -2*(-3)/14 + (-164)/7. Let p(y) = y**2 + 24*y + 33. Let f be p(o). What is the highest common divisor of f and 10?
10
Let a(z) = z**3 + 5*z**2 - 7*z - 2. Let r be a(-6). Suppose -r*p = -2*p + 32. Let u be 449/4 + 4/p. Calculate the greatest common factor of u and 16.
16
Let n be 119 + -116 - (1 - 102). Calculate the greatest common factor of n and 390.
26
Suppose 4*u - 5*w - 59 = 0, w - 78 = -5*u + 3. Let b be 6/15 - 36/15. Let r be 16/(((-9)/b)/9). What is the greatest common factor of r and u?
16
Let g = -143 + 262. Calculate the highest common factor of g and 136.
17
Let m(z) = -2*z**2 + 51*z - 67. Let n be m(24). What is the greatest common divisor of n and 635?
5
Suppose 4*u - 54 = -14. Let o = 227 - 157. What is the greatest common factor of o and u?
10
Suppose 0 = q,